{"id":4461,"date":"2025-03-24T18:50:28","date_gmt":"2025-03-24T17:50:28","guid":{"rendered":"https:\/\/ohmysport.be\/?page_id=4461"},"modified":"2025-03-27T11:37:51","modified_gmt":"2025-03-27T10:37:51","slug":"plaines-anhee","status":"publish","type":"page","link":"https:\/\/ohmysport.be\/index.php\/plaines-anhee\/","title":{"rendered":"Plaines Anh\u00e9e"},"content":{"rendered":"\t\t<div data-elementor-type=\"wp-page\" data-elementor-id=\"4461\" class=\"elementor elementor-4461\" data-elementor-settings=\"[]\">\n\t\t\t\t\t\t<div class=\"elementor-inner\">\n\t\t\t\t\t\t\t<div class=\"elementor-section-wrap\">\n\t\t\t\t\t\t\t<section class=\"elementor-section elementor-top-section elementor-element elementor-element-4c5714b elementor-section-boxed elementor-section-height-default elementor-section-height-default\" data-id=\"4c5714b\" data-element_type=\"section\">\n\t\t\t\t\t\t<div class=\"elementor-container elementor-column-gap-default\">\n\t\t\t\t\t\t\t<div class=\"elementor-row\">\n\t\t\t\t\t<div class=\"elementor-column elementor-col-100 elementor-top-column elementor-element elementor-element-565bbfc\" data-id=\"565bbfc\" data-element_type=\"column\">\n\t\t\t<div class=\"elementor-column-wrap elementor-element-populated\">\n\t\t\t\t\t\t\t<div class=\"elementor-widget-wrap\">\n\t\t\t\t\t\t<div class=\"elementor-element elementor-element-86ea933 elementor-widget elementor-widget-heading\" data-id=\"86ea933\" data-element_type=\"widget\" data-widget_type=\"heading.default\">\n\t\t\t\t<div class=\"elementor-widget-container\">\n\t\t\t<h1 class=\"elementor-heading-title elementor-size-default\">PLAINES 2025 - Bioul<\/h1>\t\t<\/div>\n\t\t\t\t<\/div>\n\t\t\t\t\t\t<\/div>\n\t\t\t\t\t<\/div>\n\t\t<\/div>\n\t\t\t\t\t\t\t\t<\/div>\n\t\t\t\t\t<\/div>\n\t\t<\/section>\n\t\t\t\t<section class=\"elementor-section elementor-top-section elementor-element elementor-element-b538f7d elementor-section-boxed elementor-section-height-default elementor-section-height-default\" data-id=\"b538f7d\" data-element_type=\"section\">\n\t\t\t\t\t\t<div class=\"elementor-container elementor-column-gap-default\">\n\t\t\t\t\t\t\t<div class=\"elementor-row\">\n\t\t\t\t\t<div class=\"elementor-column elementor-col-100 elementor-top-column elementor-element elementor-element-717b809\" data-id=\"717b809\" data-element_type=\"column\">\n\t\t\t<div class=\"elementor-column-wrap elementor-element-populated\">\n\t\t\t\t\t\t\t<div class=\"elementor-widget-wrap\">\n\t\t\t\t\t\t<div class=\"elementor-element elementor-element-af4dee8 elementor-widget elementor-widget-text-editor\" data-id=\"af4dee8\" data-element_type=\"widget\" data-widget_type=\"text-editor.default\">\n\t\t\t\t<div class=\"elementor-widget-container\">\n\t\t\t\t\t\t\t\t<div class=\"elementor-text-editor elementor-clearfix\">\n\t\t\t\t<p><strong><em>Des plaines remplies de sport, de rire, de d\u00e9couvertes et de surprises attendent vos champions de tout \u00e2ge !\u00a0<\/em><\/strong><\/p>\t\t\t\t\t<\/div>\n\t\t\t\t\t\t<\/div>\n\t\t\t\t<\/div>\n\t\t\t\t\t\t<\/div>\n\t\t\t\t\t<\/div>\n\t\t<\/div>\n\t\t\t\t\t\t\t\t<\/div>\n\t\t\t\t\t<\/div>\n\t\t<\/section>\n\t\t\t\t<section class=\"elementor-section elementor-top-section elementor-element elementor-element-eeb0864 elementor-section-boxed elementor-section-height-default elementor-section-height-default\" data-id=\"eeb0864\" data-element_type=\"section\">\n\t\t\t\t\t\t\t<div class=\"elementor-background-overlay\"><\/div>\n\t\t\t\t\t\t\t<div class=\"elementor-container elementor-column-gap-default\">\n\t\t\t\t\t\t\t<div class=\"elementor-row\">\n\t\t\t\t\t<div class=\"elementor-column elementor-col-100 elementor-top-column elementor-element elementor-element-a48755e\" data-id=\"a48755e\" data-element_type=\"column\">\n\t\t\t<div class=\"elementor-column-wrap elementor-element-populated\">\n\t\t\t\t\t\t\t<div class=\"elementor-widget-wrap\">\n\t\t\t\t\t\t<div class=\"elementor-element elementor-element-91fe4c5 elementor-widget elementor-widget-heading\" data-id=\"91fe4c5\" data-element_type=\"widget\" data-widget_type=\"heading.default\">\n\t\t\t\t<div class=\"elementor-widget-container\">\n\t\t\t<h2 class=\"elementor-heading-title elementor-size-default\">INFOS PRATIQUES<\/h2>\t\t<\/div>\n\t\t\t\t<\/div>\n\t\t\t\t<div class=\"elementor-element elementor-element-d75b3f8 elementor-widget elementor-widget-text-editor\" data-id=\"d75b3f8\" data-element_type=\"widget\" data-widget_type=\"text-editor.default\">\n\t\t\t\t<div class=\"elementor-widget-container\">\n\t\t\t\t\t\t\t\t<div class=\"elementor-text-editor elementor-clearfix\">\n\t\t\t\t<p>Une question ? antoine@ohmysport.be \u2013 0474\/77.66.66<\/p>\t\t\t\t\t<\/div>\n\t\t\t\t\t\t<\/div>\n\t\t\t\t<\/div>\n\t\t\t\t<section class=\"elementor-section elementor-inner-section elementor-element elementor-element-99517b0 elementor-section-boxed elementor-section-height-default elementor-section-height-default\" data-id=\"99517b0\" data-element_type=\"section\">\n\t\t\t\t\t\t<div class=\"elementor-container elementor-column-gap-default\">\n\t\t\t\t\t\t\t<div class=\"elementor-row\">\n\t\t\t\t\t<div class=\"elementor-column elementor-col-50 elementor-inner-column elementor-element elementor-element-b7fe5dc\" data-id=\"b7fe5dc\" data-element_type=\"column\">\n\t\t\t<div class=\"elementor-column-wrap elementor-element-populated\">\n\t\t\t\t\t\t\t<div class=\"elementor-widget-wrap\">\n\t\t\t\t\t\t<div class=\"elementor-element elementor-element-1c728be elementor-widget elementor-widget-text-editor\" data-id=\"1c728be\" data-element_type=\"widget\" data-widget_type=\"text-editor.default\">\n\t\t\t\t<div class=\"elementor-widget-container\">\n\t\t\t\t\t\t\t\t<div class=\"elementor-text-editor elementor-clearfix\">\n\t\t\t\t<p><em><strong>Quand<\/strong><strong> ?<\/strong><\/em> Les propos\u00e9es propos\u00e9es ci-dessous ont lieu aux dates suivantes :\u00a0<\/p><ul><li style=\"font-size: 14px;\"><span style=\"font-size: 14px; color: var( --e-global-color-2705da0 ); background-color: rgba(2, 1, 1, 0);\">du 28\/04 au 02\/05 (vacances de p\u00e2ques &#8211; d\u00e9tente)<\/span><\/li><\/ul><p><em><strong>Horaires ? <\/strong><\/em>Accueil des enfants d\u00e8s 8h30 (d\u00e9but des activit\u00e9s \u00e0 9h et fin des activit\u00e9s \u00e0 16h).<\/p><p><span style=\"font-size: 14px; font-style: normal; font-weight: 400;\">Possibilit\u00e9 de s&#8217;inscrire \u00e0 la garderie<\/span><span style=\"font-size: 14px; font-style: normal;\"><b> OFFERTE<\/b><\/span><span style=\"font-size: 14px; font-style: normal; font-weight: 400;\">.\u00a0 La garderie a lieu \u00e0 partir de 7h30 et jusque 17h30.<\/span><\/p><p><strong><em>O\u00f9 ?<\/em><\/strong> Rue de Fraire 5, 5537 Anh\u00e9e (Ecole communale de Bioul)<\/p>\t\t\t\t\t<\/div>\n\t\t\t\t\t\t<\/div>\n\t\t\t\t<\/div>\n\t\t\t\t\t\t<\/div>\n\t\t\t\t\t<\/div>\n\t\t<\/div>\n\t\t\t\t<div class=\"elementor-column elementor-col-50 elementor-inner-column elementor-element elementor-element-c9a373c\" data-id=\"c9a373c\" data-element_type=\"column\">\n\t\t\t<div class=\"elementor-column-wrap elementor-element-populated\">\n\t\t\t\t\t\t\t<div class=\"elementor-widget-wrap\">\n\t\t\t\t\t\t<div class=\"elementor-element elementor-element-5692a0f elementor-widget elementor-widget-google_maps\" data-id=\"5692a0f\" data-element_type=\"widget\" data-widget_type=\"google_maps.default\">\n\t\t\t\t<div class=\"elementor-widget-container\">\n\t\t\t\t\t<div class=\"elementor-custom-embed\">\n\t\t\t<iframe frameborder=\"0\" scrolling=\"no\" marginheight=\"0\" marginwidth=\"0\"\n\t\t\t\t\tsrc=\"https:\/\/maps.google.com\/maps?q=Rue%20de%20Fraire%205%2C%205537%20Anh%C3%A9e&#038;t=m&#038;z=11&#038;output=embed&#038;iwloc=near\"\n\t\t\t\t\ttitle=\"Rue de Fraire 5, 5537 Anh\u00e9e\"\n\t\t\t\t\taria-label=\"Rue de Fraire 5, 5537 Anh\u00e9e\"\n\t\t\t><\/iframe>\n\t\t<\/div>\n\t\t\t\t<\/div>\n\t\t\t\t<\/div>\n\t\t\t\t\t\t<\/div>\n\t\t\t\t\t<\/div>\n\t\t<\/div>\n\t\t\t\t\t\t\t\t<\/div>\n\t\t\t\t\t<\/div>\n\t\t<\/section>\n\t\t\t\t<div class=\"elementor-element elementor-element-34e6d63 elementor-widget elementor-widget-heading\" data-id=\"34e6d63\" data-element_type=\"widget\" data-widget_type=\"heading.default\">\n\t\t\t\t<div class=\"elementor-widget-container\">\n\t\t\t<h2 class=\"elementor-heading-title elementor-size-default\">Description de nos semaines de plaines sportives<\/h2>\t\t<\/div>\n\t\t\t\t<\/div>\n\t\t\t\t<div class=\"elementor-element elementor-element-7cd4673 elementor-widget elementor-widget-text-editor\" data-id=\"7cd4673\" data-element_type=\"widget\" data-widget_type=\"text-editor.default\">\n\t\t\t\t<div class=\"elementor-widget-container\">\n\t\t\t\t\t\t\t\t<div class=\"elementor-text-editor elementor-clearfix\">\n\t\t\t\t<p>Les plaines de vacances offrent aux enfants de 6 a\u0300 12 ans une exp\u00e9rience unique alliant sport, d\u00e9couverte et amusement.<\/p><p>A\u0300 travers des activit\u00e9s vari\u00e9es, ils d\u00e9veloppent leur motricit\u00e9\u0301, leur coordination et leur condition physique, tout en stimulant leur curiosit\u00e9 et leur autonomie.<\/p><p>C\u2019est aussi un espace privil\u00e9gi\u00e9 pour se faire des amis, apprendre le respect et l\u2019esprit d\u2019\u00e9quipe. Encadr\u00e9s par des animateurs qualifi\u00e9s, les enfants gagnent en confiance en eux tout en s\u2019\u00e9panouissant dans un environnement ludique, se\u0301curise\u0301 et bienveillant.<br \/>Une aventure enrichissante ou\u0300 plaisir, apprentissage et d\u00e9passement de soi sont au rendez-vous ! \ud83d\ude80<\/p>\t\t\t\t\t<\/div>\n\t\t\t\t\t\t<\/div>\n\t\t\t\t<\/div>\n\t\t\t\t<section class=\"elementor-section elementor-inner-section elementor-element elementor-element-532f5a3 elementor-section-boxed elementor-section-height-default elementor-section-height-default\" data-id=\"532f5a3\" data-element_type=\"section\">\n\t\t\t\t\t\t<div class=\"elementor-container elementor-column-gap-default\">\n\t\t\t\t\t\t\t<div class=\"elementor-row\">\n\t\t\t\t\t<div class=\"elementor-column elementor-col-50 elementor-inner-column elementor-element elementor-element-4722316\" data-id=\"4722316\" data-element_type=\"column\">\n\t\t\t<div class=\"elementor-column-wrap elementor-element-populated\">\n\t\t\t\t\t\t\t<div class=\"elementor-widget-wrap\">\n\t\t\t\t\t\t<div class=\"elementor-element elementor-element-c372836 elementor-widget elementor-widget-heading\" data-id=\"c372836\" data-element_type=\"widget\" data-widget_type=\"heading.default\">\n\t\t\t\t<div class=\"elementor-widget-container\">\n\t\t\t<h2 class=\"elementor-heading-title elementor-size-default\">Au programme :<\/h2>\t\t<\/div>\n\t\t\t\t<\/div>\n\t\t\t\t<div class=\"elementor-element elementor-element-b88c244 elementor-widget elementor-widget-text-editor\" data-id=\"b88c244\" data-element_type=\"widget\" data-widget_type=\"text-editor.default\">\n\t\t\t\t<div class=\"elementor-widget-container\">\n\t\t\t\t\t\t\t\t<div class=\"elementor-text-editor elementor-clearfix\">\n\t\t\t\t<ul><li><p><b style=\"font-style: inherit; color: var( --e-global-color-2705da0 ); background-color: rgba(2, 1, 1, 0);\">Les grands (6 &#8211; 12 ans)<\/b><span style=\"font-size: 13px; color: var( --e-global-color-2705da0 ); background-color: rgba(2, 1, 1, 0);\"> : Un programme dynamique me\u0302lant sport, de\u0301couverte et cre\u0301ativite\u0301, conc\u0327u pour favoriser l\u2019entraide, le plaisir et l\u2019e\u0301panouissement. \u26bd\ud83c\udfc6<\/span><\/p><\/li><\/ul>\t\t\t\t\t<\/div>\n\t\t\t\t\t\t<\/div>\n\t\t\t\t<\/div>\n\t\t\t\t<div class=\"elementor-element elementor-element-63ab926 elementor-widget elementor-widget-heading\" data-id=\"63ab926\" data-element_type=\"widget\" data-widget_type=\"heading.default\">\n\t\t\t\t<div class=\"elementor-widget-container\">\n\t\t\t<h2 class=\"elementor-heading-title elementor-size-default\">Mat\u00e9riel \u00e0 pr\u00e9voir  :<\/h2>\t\t<\/div>\n\t\t\t\t<\/div>\n\t\t\t\t<div class=\"elementor-element elementor-element-128775c elementor-widget elementor-widget-text-editor\" data-id=\"128775c\" data-element_type=\"widget\" data-widget_type=\"text-editor.default\">\n\t\t\t\t<div class=\"elementor-widget-container\">\n\t\t\t\t\t\t\t\t<div class=\"elementor-text-editor elementor-clearfix\">\n\t\t\t\t<ul style=\"font-size: 14px; font-style: normal; font-weight: 400;\">\n<li style=\"font-size: 14px;\">\ud83d\udc5f Chaussures de sport<\/li>\n<li style=\"font-size: 14px;\">\ud83c\udfcb\ufe0f\u200d\u2642\ufe0f V\u00eatements et chaussures de sport<\/li>\n<li style=\"font-size: 14px;\">\ud83d\udca7 Gourde et collations<\/li>\n<li style=\"font-size: 14px;\">&nbsp;\ud83c\udf7d D\u00eener (repas adapt\u00e9 \u00e0 l&#8217;activit\u00e9 physique)<\/li>\n<\/ul>\t\t\t\t\t<\/div>\n\t\t\t\t\t\t<\/div>\n\t\t\t\t<\/div>\n\t\t\t\t<div class=\"elementor-element elementor-element-63a3d3a elementor-widget elementor-widget-heading\" data-id=\"63a3d3a\" data-element_type=\"widget\" data-widget_type=\"heading.default\">\n\t\t\t\t<div class=\"elementor-widget-container\">\n\t\t\t<h2 class=\"elementor-heading-title elementor-size-default\">Tarif  :<\/h2>\t\t<\/div>\n\t\t\t\t<\/div>\n\t\t\t\t<div class=\"elementor-element elementor-element-315e8c9 elementor-widget elementor-widget-text-editor\" data-id=\"315e8c9\" data-element_type=\"widget\" data-widget_type=\"text-editor.default\">\n\t\t\t\t<div class=\"elementor-widget-container\">\n\t\t\t\t\t\t\t\t<div class=\"elementor-text-editor elementor-clearfix\">\n\t\t\t\t<p>65\u20ac par enfant <br \/>\u26a0\ufe0f Pas de r\u00e9duction famille nombreuse<\/p>\t\t\t\t\t<\/div>\n\t\t\t\t\t\t<\/div>\n\t\t\t\t<\/div>\n\t\t\t\t<div class=\"elementor-element elementor-element-1cdab9f elementor-widget elementor-widget-button\" data-id=\"1cdab9f\" data-element_type=\"widget\" data-widget_type=\"button.default\">\n\t\t\t\t<div class=\"elementor-widget-container\">\n\t\t\t\t\t<div class=\"elementor-button-wrapper\">\n\t\t\t<a href=\"https:\/\/docs.google.com\/forms\/d\/1q3L7pq5KDuDVKS-yDnXdMM1Idp1eTATet9aWCgckmFA\/preview\" target=\"_blank\" class=\"elementor-button-link elementor-button elementor-size-sm\" role=\"button\">\n\t\t\t\t\t\t<span class=\"elementor-button-content-wrapper\">\n\t\t\t\t\t\t<span class=\"elementor-button-text\">Je m'inscris - 65\u20ac\/enfant<\/span>\n\t\t<\/span>\n\t\t\t\t\t<\/a>\n\t\t<\/div>\n\t\t\t\t<\/div>\n\t\t\t\t<\/div>\n\t\t\t\t\t\t<\/div>\n\t\t\t\t\t<\/div>\n\t\t<\/div>\n\t\t\t\t<div class=\"elementor-column elementor-col-50 elementor-inner-column elementor-element elementor-element-c1c41fa\" data-id=\"c1c41fa\" data-element_type=\"column\">\n\t\t\t<div class=\"elementor-column-wrap elementor-element-populated\">\n\t\t\t\t\t\t\t<div class=\"elementor-widget-wrap\">\n\t\t\t\t\t\t<div class=\"elementor-element elementor-element-740e929 elementor-widget elementor-widget-image\" data-id=\"740e929\" data-element_type=\"widget\" data-widget_type=\"image.default\">\n\t\t\t\t<div class=\"elementor-widget-container\">\n\t\t\t\t\t\t\t\t<div class=\"elementor-image\">\n\t\t\t\t\t\t\t\t\t\t\t\t<img decoding=\"async\" src=\"https:\/\/ohmysport.be\/wp-content\/uploads\/elementor\/thumbs\/WhatsApp-Image-2025-03-26-at-19.46.50-r3fybxtyr1dzx5k54ax763h1w85p1nn927j6gs3k0w.jpeg\" title=\"Plaines Ohmysport\" alt=\"Plaines Ohmysport\" \/>\t\t\t\t\t\t\t\t\t\t\t\t\t\t<\/div>\n\t\t\t\t\t\t<\/div>\n\t\t\t\t<\/div>\n\t\t\t\t\t\t<\/div>\n\t\t\t\t\t<\/div>\n\t\t<\/div>\n\t\t\t\t\t\t\t\t<\/div>\n\t\t\t\t\t<\/div>\n\t\t<\/section>\n\t\t\t\t<div class=\"elementor-element elementor-element-5b23d7b elementor-widget elementor-widget-text-editor\" data-id=\"5b23d7b\" data-element_type=\"widget\" data-widget_type=\"text-editor.default\">\n\t\t\t\t<div class=\"elementor-widget-container\">\n\t\t\t\t\t\t\t\t<div class=\"elementor-text-editor elementor-clearfix\">\n\t\t\t\t<p>Une plaine de sport pas comme les autres : Energie, fun et d\u00e9fis explosifs pour des vacances inoubliables !<\/p>\t\t\t\t\t<\/div>\n\t\t\t\t\t\t<\/div>\n\t\t\t\t<\/div>\n\t\t\t\t<div class=\"elementor-element elementor-element-97fdf2c elementor-widget-divider--view-line elementor-widget elementor-widget-divider\" data-id=\"97fdf2c\" data-element_type=\"widget\" data-widget_type=\"divider.default\">\n\t\t\t\t<div class=\"elementor-widget-container\">\n\t\t\t\t\t<div class=\"elementor-divider\">\n\t\t\t<span class=\"elementor-divider-separator\">\n\t\t\t\t\t\t<\/span>\n\t\t<\/div>\n\t\t\t\t<\/div>\n\t\t\t\t<\/div>\n\t\t\t\t<div class=\"elementor-element elementor-element-a1794fa elementor-widget elementor-widget-spacer\" data-id=\"a1794fa\" data-element_type=\"widget\" data-widget_type=\"spacer.default\">\n\t\t\t\t<div class=\"elementor-widget-container\">\n\t\t\t\t\t<div class=\"elementor-spacer\">\n\t\t\t<div class=\"elementor-spacer-inner\"><\/div>\n\t\t<\/div>\n\t\t\t\t<\/div>\n\t\t\t\t<\/div>\n\t\t\t\t\t\t<\/div>\n\t\t\t\t\t<\/div>\n\t\t<\/div>\n\t\t\t\t\t\t\t\t<\/div>\n\t\t\t\t\t<\/div>\n\t\t<\/section>\n\t\t\t\t\t\t<\/div>\n\t\t\t\t\t\t<\/div>\n\t\t\t\t\t<\/div>\n\t\t","protected":false},"excerpt":{"rendered":"<p>PLAINES 2025 &#8211; Bioul Des plaines remplies de sport, de rire, de d\u00e9couvertes et de surprises attendent vos champions de tout \u00e2ge !\u00a0 INFOS PRATIQUES Une question ? antoine@ohmysport.be \u2013 0474\/77.66.66 Quand ? Les propos\u00e9es propos\u00e9es ci-dessous ont lieu aux dates suivantes :\u00a0 du 28\/04 au 02\/05 (vacances de p\u00e2ques &#8211; d\u00e9tente) Horaires ? Accueil &hellip;<\/p>\n<p class=\"read-more\"> <a class=\"\" href=\"https:\/\/ohmysport.be\/index.php\/plaines-anhee\/\"> <span class=\"screen-reader-text\">Plaines Anh\u00e9e<\/span> Lire la suite\u00a0\u00bb<\/a><\/p>\n","protected":false},"author":1,"featured_media":0,"parent":0,"menu_order":0,"comment_status":"closed","ping_status":"closed","template":"","meta":{"_monsterinsights_skip_tracking":false,"_monsterinsights_sitenote_active":false,"_monsterinsights_sitenote_note":"","_monsterinsights_sitenote_category":0,"site-sidebar-layout":"no-sidebar","site-content-layout":"page-builder","ast-main-header-display":"","ast-hfb-above-header-display":"","ast-hfb-below-header-display":"","ast-hfb-mobile-header-display":"","site-post-title":"disabled","ast-breadcrumbs-content":"","ast-featured-img":"disabled","footer-sml-layout":"","theme-transparent-header-meta":"default","adv-header-id-meta":"","stick-header-meta":"","header-above-stick-meta":"","header-main-stick-meta":"","header-below-stick-meta":"","footnotes":""},"class_list":["post-4461","page","type-page","status-publish","hentry"],"yoast_head":"<!-- This site is optimized with the Yoast SEO plugin v17.8 - https:\/\/yoast.com\/wordpress\/plugins\/seo\/ -->\n<title>Plaines Anh\u00e9e - Oh my sport<\/title>\n<meta name=\"robots\" content=\"index, follow, max-snippet:-1, max-image-preview:large, max-video-preview:-1\" \/>\n<link rel=\"canonical\" href=\"https:\/\/ohmysport.be\/index.php\/plaines-anhee\/\" \/>\n<meta property=\"og:locale\" content=\"fr_FR\" \/>\n<meta property=\"og:type\" content=\"article\" \/>\n<meta property=\"og:title\" content=\"Plaines Anh\u00e9e - Oh my sport\" \/>\n<meta property=\"og:description\" content=\"PLAINES 2025 &#8211; Bioul Des plaines remplies de sport, de rire, de d\u00e9couvertes et de surprises attendent vos champions de tout \u00e2ge !\u00a0 INFOS PRATIQUES Une question ? antoine@ohmysport.be \u2013 0474\/77.66.66 Quand ? Les propos\u00e9es propos\u00e9es ci-dessous ont lieu aux dates suivantes :\u00a0 du 28\/04 au 02\/05 (vacances de p\u00e2ques &#8211; d\u00e9tente) Horaires ? Accueil &hellip; Plaines Anh\u00e9e Lire la suite\u00a0\u00bb\" \/>\n<meta property=\"og:url\" content=\"https:\/\/ohmysport.be\/index.php\/plaines-anhee\/\" \/>\n<meta property=\"og:site_name\" content=\"Oh my sport\" \/>\n<meta property=\"article:modified_time\" content=\"2025-03-27T10:37:51+00:00\" \/>\n<meta property=\"og:image\" content=\"https:\/\/ohmysport.be\/wp-content\/uploads\/elementor\/thumbs\/WhatsApp-Image-2025-03-26-at-19.46.50-r3fybxtyr1dzx5k54ax763h1w85p1nn927j6gs3k0w.jpeg\" \/>\n<meta name=\"twitter:card\" content=\"summary_large_image\" \/>\n<meta name=\"twitter:label1\" content=\"Dur\u00e9e de lecture estim\u00e9e\" \/>\n\t<meta name=\"twitter:data1\" content=\"4 minutes\" \/>\n<script type=\"application\/ld+json\" class=\"yoast-schema-graph\">{\"@context\":\"https:\/\/schema.org\",\"@graph\":[{\"@type\":\"WebSite\",\"@id\":\"https:\/\/ohmysport.be\/#website\",\"url\":\"https:\/\/ohmysport.be\/\",\"name\":\"Oh my sport\",\"description\":\"Du sport et du fun pour tous\",\"potentialAction\":[{\"@type\":\"SearchAction\",\"target\":{\"@type\":\"EntryPoint\",\"urlTemplate\":\"https:\/\/ohmysport.be\/?s={search_term_string}\"},\"query-input\":\"required name=search_term_string\"}],\"inLanguage\":\"fr-FR\"},{\"@type\":\"ImageObject\",\"@id\":\"https:\/\/ohmysport.be\/index.php\/plaines-anhee\/#primaryimage\",\"inLanguage\":\"fr-FR\",\"url\":\"https:\/\/ohmysport.be\/wp-content\/uploads\/elementor\/thumbs\/WhatsApp-Image-2025-03-26-at-19.46.50-r3fybxtyr1dzx5k54ax763h1w85p1nn927j6gs3k0w.jpeg\",\"contentUrl\":\"https:\/\/ohmysport.be\/wp-content\/uploads\/elementor\/thumbs\/WhatsApp-Image-2025-03-26-at-19.46.50-r3fybxtyr1dzx5k54ax763h1w85p1nn927j6gs3k0w.jpeg\"},{\"@type\":\"WebPage\",\"@id\":\"https:\/\/ohmysport.be\/index.php\/plaines-anhee\/#webpage\",\"url\":\"https:\/\/ohmysport.be\/index.php\/plaines-anhee\/\",\"name\":\"Plaines Anh\\u00e9e - Oh my sport\",\"isPartOf\":{\"@id\":\"https:\/\/ohmysport.be\/#website\"},\"primaryImageOfPage\":{\"@id\":\"https:\/\/ohmysport.be\/index.php\/plaines-anhee\/#primaryimage\"},\"datePublished\":\"2025-03-24T17:50:28+00:00\",\"dateModified\":\"2025-03-27T10:37:51+00:00\",\"breadcrumb\":{\"@id\":\"https:\/\/ohmysport.be\/index.php\/plaines-anhee\/#breadcrumb\"},\"inLanguage\":\"fr-FR\",\"potentialAction\":[{\"@type\":\"ReadAction\",\"target\":[\"https:\/\/ohmysport.be\/index.php\/plaines-anhee\/\"]}]},{\"@type\":\"BreadcrumbList\",\"@id\":\"https:\/\/ohmysport.be\/index.php\/plaines-anhee\/#breadcrumb\",\"itemListElement\":[{\"@type\":\"ListItem\",\"position\":1,\"name\":\"Accueil\",\"item\":\"https:\/\/ohmysport.be\/\"},{\"@type\":\"ListItem\",\"position\":2,\"name\":\"Plaines Anh\\u00e9e\"}]}]}<\/script>\n<!-- \/ Yoast SEO plugin. -->","yoast_head_json":{"title":"Plaines Anh\u00e9e - Oh my sport","robots":{"index":"index","follow":"follow","max-snippet":"max-snippet:-1","max-image-preview":"max-image-preview:large","max-video-preview":"max-video-preview:-1"},"canonical":"https:\/\/ohmysport.be\/index.php\/plaines-anhee\/","og_locale":"fr_FR","og_type":"article","og_title":"Plaines Anh\u00e9e - Oh my sport","og_description":"PLAINES 2025 &#8211; Bioul Des plaines remplies de sport, de rire, de d\u00e9couvertes et de surprises attendent vos champions de tout \u00e2ge !\u00a0 INFOS PRATIQUES Une question ? antoine@ohmysport.be \u2013 0474\/77.66.66 Quand ? Les propos\u00e9es propos\u00e9es ci-dessous ont lieu aux dates suivantes :\u00a0 du 28\/04 au 02\/05 (vacances de p\u00e2ques &#8211; d\u00e9tente) Horaires ? Accueil &hellip; Plaines Anh\u00e9e Lire la suite\u00a0\u00bb","og_url":"https:\/\/ohmysport.be\/index.php\/plaines-anhee\/","og_site_name":"Oh my sport","article_modified_time":"2025-03-27T10:37:51+00:00","og_image":[{"url":"https:\/\/ohmysport.be\/wp-content\/uploads\/elementor\/thumbs\/WhatsApp-Image-2025-03-26-at-19.46.50-r3fybxtyr1dzx5k54ax763h1w85p1nn927j6gs3k0w.jpeg"}],"twitter_card":"summary_large_image","twitter_misc":{"Dur\u00e9e de lecture estim\u00e9e":"4 minutes"},"schema":{"@context":"https:\/\/schema.org","@graph":[{"@type":"WebSite","@id":"https:\/\/ohmysport.be\/#website","url":"https:\/\/ohmysport.be\/","name":"Oh my sport","description":"Du sport et du fun pour tous","potentialAction":[{"@type":"SearchAction","target":{"@type":"EntryPoint","urlTemplate":"https:\/\/ohmysport.be\/?s={search_term_string}"},"query-input":"required name=search_term_string"}],"inLanguage":"fr-FR"},{"@type":"ImageObject","@id":"https:\/\/ohmysport.be\/index.php\/plaines-anhee\/#primaryimage","inLanguage":"fr-FR","url":"https:\/\/ohmysport.be\/wp-content\/uploads\/elementor\/thumbs\/WhatsApp-Image-2025-03-26-at-19.46.50-r3fybxtyr1dzx5k54ax763h1w85p1nn927j6gs3k0w.jpeg","contentUrl":"https:\/\/ohmysport.be\/wp-content\/uploads\/elementor\/thumbs\/WhatsApp-Image-2025-03-26-at-19.46.50-r3fybxtyr1dzx5k54ax763h1w85p1nn927j6gs3k0w.jpeg"},{"@type":"WebPage","@id":"https:\/\/ohmysport.be\/index.php\/plaines-anhee\/#webpage","url":"https:\/\/ohmysport.be\/index.php\/plaines-anhee\/","name":"Plaines Anh\u00e9e - Oh my sport","isPartOf":{"@id":"https:\/\/ohmysport.be\/#website"},"primaryImageOfPage":{"@id":"https:\/\/ohmysport.be\/index.php\/plaines-anhee\/#primaryimage"},"datePublished":"2025-03-24T17:50:28+00:00","dateModified":"2025-03-27T10:37:51+00:00","breadcrumb":{"@id":"https:\/\/ohmysport.be\/index.php\/plaines-anhee\/#breadcrumb"},"inLanguage":"fr-FR","potentialAction":[{"@type":"ReadAction","target":["https:\/\/ohmysport.be\/index.php\/plaines-anhee\/"]}]},{"@type":"BreadcrumbList","@id":"https:\/\/ohmysport.be\/index.php\/plaines-anhee\/#breadcrumb","itemListElement":[{"@type":"ListItem","position":1,"name":"Accueil","item":"https:\/\/ohmysport.be\/"},{"@type":"ListItem","position":2,"name":"Plaines Anh\u00e9e"}]}]}},"_links":{"self":[{"href":"https:\/\/ohmysport.be\/index.php\/wp-json\/wp\/v2\/pages\/4461","targetHints":{"allow":["GET"]}}],"collection":[{"href":"https:\/\/ohmysport.be\/index.php\/wp-json\/wp\/v2\/pages"}],"about":[{"href":"https:\/\/ohmysport.be\/index.php\/wp-json\/wp\/v2\/types\/page"}],"author":[{"embeddable":true,"href":"https:\/\/ohmysport.be\/index.php\/wp-json\/wp\/v2\/users\/1"}],"replies":[{"embeddable":true,"href":"https:\/\/ohmysport.be\/index.php\/wp-json\/wp\/v2\/comments?post=4461"}],"version-history":[{"count":106,"href":"https:\/\/ohmysport.be\/index.php\/wp-json\/wp\/v2\/pages\/4461\/revisions"}],"predecessor-version":[{"id":4602,"href":"https:\/\/ohmysport.be\/index.php\/wp-json\/wp\/v2\/pages\/4461\/revisions\/4602"}],"wp:attachment":[{"href":"https:\/\/ohmysport.be\/index.php\/wp-json\/wp\/v2\/media?parent=4461"}],"curies":[{"name":"wp","href":"https:\/\/api.w.org\/{rel}","templated":true}]}}